- -27 - -6) - 21.
-10
What is the value of -1 + -15 - (-1800 - -1725)?
59
Evaluate 2 + (-39 - -76) + -26 + 20.
33
Evaluate 35 - (23 + (4 - -4)).
4
Calculate 82 + 4 - (-198 - -251).
33
What is 143 + -122 - (-3 - -2) - 10 - (78 + -2)?
-64
What is the value of -1338 - -1443 - (55 + 3)?
47
What is (56 + -53 - (3 + -8)) + -18 + 12?
2
What is the value of 185 - (25 + 2 + -5 - -11)?
152
1 - (-11 + 3) - ((-29 - -14) + 48 - -13)
-37
What is the value of 7 + 23 + 7 + -16 + -22 - (0 - 0)?
-1
-24 + 13 + -35 - -37 - (31 + 0)
-40
Evaluate -29 + (8 - (-33 - -59)).
-47
Evaluate 4 + -7 + 28 + 13 + -5.
33
-1 + 2 - (-41 + (-110 - -207))
-55
What is the value of (-9 - -17) + (-15 - -21) - (-37 - -21)?
30
What is (-10 - -17) + 14 + 6 + 15?
42
(138 + -90 - 61) + (1 - -12)
0
Calculate 53 - 54 - (-13 + (5 - 1)) - 15.
-7
Calculate (8 - -10 - (13 + -5)) + (-15 - (-5 + 0)).
0
Calculate 3 + -12 + -74 + 69 + (56 - -1).
43
Calculate 1 + 64 + (3 - 6) + 7 + -19.
50
What is 9 + (-1 + -10 - (21 - 31 - -62))?
-54
Evaluate (33 - (8 + 4 + -3) - (-14 + 9)) + 4.
33
What is 0 - 13 - ((-42 - (28 - 110)) + -24)?
-29
Calculate 18 - (9 - 38) - (-15 + (4 - -7)) - -9.
60
What is the value of -565 + 484 + (4 - -68)?
-9
What is the value of -64 + 45 + (-12 - -2) + (-58 - -60)?
-27
Evaluate -726 + 734 + (-4 + 7 + -8 - (-10 - 1)).
14
What is the value of (-20 - 5) + 18 + -2 + -26 + 12?
-23
Calculate 59 + (4 + (0 - (14 + -13)) - 13).
49
4 + (-16 - -3) - (-78 + 64 - (42 - -2))
49
What is the value of -16 + (-1 - -1) - 1 - 24?
-41
What is the value of (-70 - -106) + (-32 - -91)?
95
Calculate (-87 - (1 + -36)) + 29.
-23
Evaluate 52 + (39 - 4) + -40 + 25.
72
21 - (5 - (-40 + 25) - 29)
30
What is the value of (-19 - (-20 - 4) - -4) + 1 + -24?
-14
Calculate (-29 - 38 - 88) + 25.
-130
Evaluate (154 - (258 - 130)) + (-1 - (1 + -2)) + 1.
27
Calculate 68 + (0 - -19) + 25 + (-19 - -7).
100
Evaluate 129 + -213 + 102 + (3 - 23).
-2
Evaluate 16 + -16 + 20 - ((13 - 5) + 8).
4
Evaluate 15 - (-14 + 1 + 17 + -22).
33
Calculate -2 + 69 + (2 - 32 - -25) + 2.
64
What is -74 - (20 - (-25 + 28)) - (-23 - -3)?
-71
What is (-56 - -78) + -2 - 78?
-58
What is the value of 22 + (-47 + -3 - -59)?
31
What is (1 + 1 - (26 + (6 + -48 - -33))) + 16?
1
Evaluate -4 - (11 - (-118 - -129 - (-1 + 13))).
-16
Calculate 57 + (-39 + 58 + -45 - (-16 - 0)).
47
What is 15 + 34 + -114 + 152?
87
Calculate (0 - -14 - 0 - (1 + -2)) + -54138 + 54139.
16
Calculate -16 + (-31 - ((-9 - 7) + -2)).
-29
Evaluate 203 - (-10 - (106 - 198)).
121
27 + 1 + 2 - (-1 - 8)
39
Evaluate -20 - 0 - ((-6 - (43 - 6)) + -20).
43
What is 7 + 2 + -4 + 13 + (9 - (8 + -7))?
26
657 - 649 - (-21 + 4 + -3 - 0)
28
Calculate -4 + 2 - 19 - ((16 - 7) + 0).
-30
-19 - (-2 + 8) - (41 + 42)
-108
What is the value of -60 + -1 + 116 - 61?
-6
Calculate 59 + (89 - -19 - 50).
117
What is the value of 3 + (-1 - 1) - (14 + -6 - -4)?
-11
-112 + (-15 - 106) + 130
-103
(62 + -21 - 93) + (-8 - 4) - (-2 - 9)
-53
What is 22 + (-1 - 0) - (-21914 + 21925)?
10
What is -224 - (-64 - 151) - (-6 + 1 - 1)?
-3
Calculate 26 + -5 + 12 + -29 + -16 + 0 + -75.
-87
(-34 - (-5 + 3)) + (-2 - -1) + -508 + 513
-28
What is 84 - (-13 + -6 + 70)?
33
Evaluate 16 + -11 + -7 + 10 - (23 - 3).
-12
Calculate -175 + -26 + 5 + 112.
-84
What is -20 + 13 + 32 + -10 + -33?
-18
-65 + (-2 - -78 - 25)
-14
What is (5 + 58 - (-7 - -38)) + -82?
-50
What is 28 + 13 + -63 + 13 + 4 - (-66 - 0)?
61
Calculate -178 - (10 - (-137 - -290)).
-35
What is -17 + 18 + (2 - -7) - -5?
15
15 - 6 - (39 - -21 - -16)
-67
Evaluate 5 + 2 - (-54 - (-337 - -252)).
-24
What is -35 + (14 - 14) + 28 + -21?
-28
(25 - -1) + (-177 - -52) + 171
72
What is the value of -56 - (36 - 34 - 44)?
-14
Calculate (9 - (-14 - 13)) + (-511 - -597).
122
(51 - 3) + -71 + -1 + -1
-25
Calculate ((-5 - (10 + -3 - 6)) + 37 - -3) + -14.
20
Calculate 6 + 2 + 2 + 1 - (110 - 131).
32
(9 - 50) + 71 - (-1 - 1)
32
What is the value of 0 + -5 + -23 + 9 + 57?
38
What is the value of (-8 - (8 + 1 - (-144 + 155))) + 63?
57
Evaluate 32 + -1 + -85 + (-325 - -419).
40
34 - 9 - (8 + -23 + 10) - 10
20
Evaluate -37 + 72 + 39 - 104.
-30
-27 + (3 + 33 - -11)
20
What is the value of -378 - -392 - (4 - 18 - 0)?
28
64 + ((-12 - 13) + 20 - -18)
77
What is -30 + 44 + -31 + 14?
-3
Calculate -25 - -7 - 20 - -108.
70
-24 + -39 + 48 + -9
-24
Evaluate -13 - 1 - (-70 + 72 + 86).
-102
Evaluate (14 - -8) + -14 - (4 - (-2 + 16) - 0).
18
Calculate (-19 - 1) + (-40 + -60 - -200).
80
Evaluate 2 + (-1 - 53) + (-28 - (-21 + (-21 - -18))).
-56
177 + -61 - (118 + -92)
90
-70 - ((4 + -7 - -30) + 197 + -211)
-83
What is (-2393 - -2398) + 9 + -4 + 34?
44
What is 46 + (126 - 22) + -33 + 2 + -9?
110
Calculate -43 + 41 + (26 - (2 + 5)) - 48.
-31
41 + -6 + -6 + 1 - (4 + -15)
41
Calculate -18 + 3 + (-20 + 2 - (26 + -102)).
43
Calculate 85 + (-40 - 42) - 84.
-81
What is the value of (739 - 856) + 187 + 0?
70
-2 - 3 - -3 - (8 - (23 - 14) - 43)
42
24 + (25 - 33 - 8) + 5 - 77
-64
What is 32 - (-58 + 34 - -39)?
17
Evaluate 29 + 32 + -3 + -13 + 0.
45
What is (-14 - -96) + 74 + -136 - (-22 + 1)?
41
Evaluate 4 + -10 - 1 - ((-75 - -11) + 6).
51
Calculate -19 - (2 + 5 + 14 - 21).
-19
What is the value of -28 - -1 - (112 + -163)?
24
-4 - ((-2 - 1) + -12) - (10 - 0)
1
Evaluate -47 - (19 + (-20 - (11 - 9))).
-44
What is the value of 28 + (-172 - ((-7 - 30) + 0))?
-107
What is the value of 61 + -5 + -6 + (-92 - -108) + -11 + 2?
57
4 + -11 + -1 + (24 - (9 + 15 + -24))
16
Calculate 67 - (-1 + -17 + (36 - 30) + 2).
77
(169 - (-93 + 117)) + -94
51
-155 + (36 - -51) - -62 - (1 + 57 + 1)
-65
What is the value of 44 + -149 + 13 - (-8 - 6)?
-78
(77 - 119) + (35 - -22)
15
Calculate -25 + (7 - 26 - -21) + -3 + -3 + -1.
-30
8 + (11 - -11) + -31 + 28
27
What is -27 - (-38 + 23) - ((-2 - 1) + -59)?
50
Calculate (-28 + -2 - -31) + -53 + 1 + -6.
-57
27 + 3 - (714 - 697)
13
Calculate -2 + 17 + (35 + 40 - -2).
92
(-20 - 3) + 1 - ((-47 - -43) + 3)
-21
Evaluate 77 - (36 - (-6 - -47) - 3).
85
What is the value of (-9 - (-1 + -4)) + 44?
40
Calculate -2 - (237 + -213 + (0 + (2 - 0) - -2)).
-30
-34 + 44 + 14 - (-8 + 2 - (-4 - -1))
27
What is the value of -11 - (9 + 12 + 8 + -31) - (-17 + -1)?
9
What is 123 + 108 + 116 + -254?
93
Calculate 50 - ((41 + -25 - -32) + -17).
19
-57 + (4 + -19 + -3 - -18)
-57
What is 39 + (-20 - (0 - 15 - -17))?
17
(19 - (1 + -6) - 4) + (15 - (3 + 13))
19
-65 + (72 + -59 - (10 - (-2 - -1))) - 7
-70
What is the value of 98 + 24 + -84 - 19?
19
1 + -129 + (93 - (55 - -7))
-97
Evaluate (74 - 126 - 25) + 77.
0
Calculate 29 + -1 + (5 - 1) + 279 + -292.
19
1 + -15 - ((-262 - -204) + 124)
-80
What is 21 + 2 - (97 + -17 - 11)?
-46
Evaluate -52 + 10 - (-296 + 271).
-17
Calculate (0 - -3) + (-1 - -43) - (-6528 - -6535).
38
Evaluate 19 - (43 + 0) - -31 - (37 + 1).
-31
Calculate -81 + (-246 - -247) + (-2 - -9).
-73
What is the value of -17 + -23 + -4 + (36 - 80)?
-88
-104 - (-36 - (-23 - (14 + -34 + 13)))
-84
What is (54 - 13) + -121 + 86 + -50?
-44
What is (-54 - -57) + (3 - 20)?
-14
What is 200 + -205 - (13 - 64)?
46
1 - 43 - ((33 - -24) + -62)
-37
11 + 9 + -33 - 19
-32
10 - (0 - (-3 + 4) - 1 - (240 + -297))
-45
Calculate (2 + 10 - 77) + 23 + 15 + 24.
-3
Evaluate (22 - -23) + -95 + -9.
-59
What is the value of (4 - (-135 + (-25 - -60))) + -4?
100
What is -4 - 6 - (-2 + (18 + -5 - 7))?
-14
(16 - -16) + -81 + 60
11
What is the value of -55 + 75 - (15 + (4 - 10)) - 58?
-47
Evaluate 33 + 6 + -90 + 20.
-31
What is 73 + -131 + 84 + 46?
72
What is the value of 32 - -31 - (-24 + 98)?
-11
-1 - ((7 - 1) + -3 + (13 - -8) + 4)
-29
Evaluate -43 + (12 - (-20 - -16)) + 3.
-24
Calculate 2 - 71 - (75 + -42 + -41).
-61
Calculate -3 + -37 + 1 - (5 + 4 + -36 + 26).
-38
What is the value of -10 + (-136 - (22 + -26)) + 19?
-123
What is the value of -21 + (-4 - (-6 - (-15 + 14 + -15)))?
-35
What is the value of 47 + (-23 - -40 - 31 - 0) - (9 + 1)?
23
What is the value of -55 + (-11 + -2 - (170 - 185)) + 6?
-47
Evaluate -36 - (47 - 42) - 16.
-57
What is the value of -882 + 853 - (1 + -21) - (0 - 47)?
38
Evaluate 56 + -8 + (-107 - -36).
-23
Evaluate (0 - -113) + (3030 - 3115).
28
Calculate 21 - 29 - -8 - 14 - (0 - -63).
-77
What is (11 - -2) + -25 + -34 + 62?
16
Evaluate -399 + 329 - (-1 - (0 - (-1 - -3) - -2)).
-69
What is (1 - -14) + 390 + -420?
-15
17 + -7 + (